8958.
370
Calculate the remainder when 1633943 is divided by 84.
59
Calculate the remainder when 80680980 is divided by 4980.
0
Calculate the remainder when 39093651 is divided by 797.
4
Calculate the remainder when 1665938 is divided by 705.
23
What is the remainder when 3154079 is divided by 6640?
79
What is the remainder when 1975170 is divided by 1681?
1676
What is the remainder when 95214140 is divided by 124?
120
Calculate the remainder when 3238775 is divided by 39.
20
Calculate the remainder when 172759 is divided by 57436.
451
Calculate the remainder when 364161 is divided by 1160.
1081
Calculate the remainder when 157586 is divided by 30937.
2901
What is the remainder when 1367589485 is divided by 89?
88
Calculate the remainder when 421256 is divided by 84251.
1
Calculate the remainder when 84769 is divided by 21138.
217
What is the remainder when 1211190 is divided by 134524?
474
Calculate the remainder when 223039 is divided by 221730.
1309
What is the remainder when 1914133 is divided by 24229?
42
Calculate the remainder when 782098 is divided by 515.
328
Calculate the remainder when 113702 is divided by 2421.
2336
Calculate the remainder when 128679577 is divided by 201.
181
Calculate the remainder when 86860 is divided by 12340.
480
What is the remainder when 432150 is divided by 247?
147
What is the remainder when 604778 is divided by 302355?
68
What is the remainder when 281926 is divided by 6285?
5386
Calculate the remainder when 4107474 is divided by 12756.
42
What is the remainder when 3359 is divided by 1230?
899
What is the remainder when 6392401 is divided by 38?
3
What is the remainder when 71254 is divided by 70545?
709
Calculate the remainder when 2393161 is divided by 5180.
1
Calculate the remainder when 146466050 is divided by 89.
85
Calculate the remainder when 12935493 is divided by 10.
3
What is the remainder when 558784 is divided by 279380?
24
Calculate the remainder when 965516 is divided by 48193.
1656
What is the remainder when 98006326 is divided by 189?
187
What is the remainder when 14298456 is divided by 1262?
1258
What is the remainder when 562995 is divided by 914?
885
Calculate the remainder when 6798 is divided by 2218.
144
Calculate the remainder when 1157350 is divided by 385765.
55
What is the remainder when 51980374 is divided by 646?
630
Calculate the remainder when 9723268 is divided by 1208.
76
Calculate the remainder when 113642 is divided by 624.
74
What is the remainder when 10713877 is divided by 10713856?
21
Calculate the remainder when 6811542 is divided by 9.
0
What is the remainder when 1988376493 is divided by 1616?
1613
Calculate the remainder when 689977 is divided by 28748.
25
What is the remainder when 1376982 is divided by 172122?
6
What is the remainder when 99041 is divided by 2340?
761
Calculate the remainder when 236681 is divided by 1686.
641
What is the remainder when 231398 is divided by 33003?
377
Calculate the remainder when 4680925 is divided by 9.
7
What is the remainder when 231189117 is divided by 1423?
1422
Calculate the remainder when 5289 is divided by 1837.
1615
Calculate the remainder when 71637294 is divided by 1136.
1134
What is the remainder when 1311217 is divided by 514?
3
Calculate the remainder when 70475682 is divided by 24.
18
Calculate the remainder when 72101 is divided by 1068.
545
What is the remainder when 13855 is divided by 267?
238
What is the remainder when 4612241 is divided by 210?
11
What is the remainder when 511223 is divided by 6722?
351
What is the remainder when 10801 is divided by 183?
4
Calculate the remainder when 64585 is divided by 7146.
271
Calculate the remainder when 37194608 is divided by 1487784.
8
What is the remainder when 13991933 is divided by 4663975?
8
Calculate the remainder when 1724289 is divided by 172427.
19
Calculate the remainder when 932217 is divided by 505.
492
What is the remainder when 90243 is divided by 774?
459
Calculate the remainder when 2802682 is divided by 22419.
307
What is the remainder when 386339 is divided by 25697?
884
Calculate the remainder when 965527 is divided by 482752.
23
Calculate the remainder when 162447 is divided by 54079.
210
What is the remainder when 264098 is divided by 10156?
42
What is the remainder when 1490656023 is divided by 451?
450
Calculate the remainder when 3816309 is divided by 1091.
1082
Calculate the remainder when 21815276 is divided by 10907626.
24
Calculate the remainder when 6742088 is divided by 26.
2
What is the remainder when 2154943 is divided by 718289?
76
What is the remainder when 994514 is divided by 19?
16
What is the remainder when 1217470 is divided by 60?
10
What is the remainder when 2035647 is divided by 135708?
27
Calculate the remainder when 41808013 is divided by 375.
13
What is the remainder when 223824 is divided by 2663?
132
What is the remainder when 40083 is divided by 32525?
7558
Calculate the remainder when 1102916 is divided by 141.
14
Calculate the remainder when 60059 is divided by 10.
9
What is the remainder when 2857095 is divided by 3303?
0
What is the remainder when 30608596 is divided by 117?
109
Calculate the remainder when 87084287 is divided by 2752.
2751
Calculate the remainder when 356956 is divided by 193.
99
Calculate the remainder when 15593286 is divided by 1299440.
6
Calculate the remainder when 119429 is divided by 39262.
1643
Calculate the remainder when 5058945 is divided by 325.
320
What is the remainder when 246461573 is divided by 1606?
1601
Calculate the remainder when 30754561 is divided by 4393508.
5
What is the remainder when 83664310 is divided by 735?
730
Calculate the remainder when 286086 is divided by 3.
0
What is the remainder when 1096626 is divided by 26?
24
What is the remainder when 12737580 is divided by 115796?
20
Calculate the remainder when 3887919 is divided by 146.
85
What is the remainder when 23452878 is divided by 17647?
15
Calculate the remainder when 3327855 is divided by 54555.
0
Calculate the remainder when 3901316 is divided by 1856.
4
What is the remainder when 173105213 is divided by 4556?
4549
What is the remainder when 24737937 is divided by 122?
119
What is the remainder when 196563747 is divided by 129?
126
What is the remainder when 17241586 is divided by 554?
552
What is the remainder when 78533 is divided by 1367?
614
What is the remainder when 215548 is divided by 1904?
396
Calculate the remainder when 553465 is divided by 814.
759
What is the remainder when 7385638 is divided by 1?
0
What is the remainder when 51220307 is divided by 124?
123
What is the remainder when 4175439 is divided by 270?
159
Calculate the remainder when 18773885 is divided by 736.
733
Calculate the remainder when 1807221 is divided by 1335.
966
What is the remainder when 349284 is divided by 5114?
1532
What is the remainder when 1528148 is divided by 58?
22
What is the remainder when 569239 is divided by 19?
18
What is the remainder when 19190183 is divided by 794?
791
Calculate the remainder when 343916 is divided by 68754.
146
Calculate the remainder when 44608 is divided by 558.
526
Calculate the remainder when 670510 is divided by 563.
540
Calculate the remainder when 88336 is divided by 149.
128
What is the remainder when 4165998 is divided by 339?
27
What is the remainder when 17282597 is divided by 1849?
1843
Calculate the remainder when 126099 is divided by 125961.
138
Calculate the remainder when 62476341 is divided by 31238157.
27
Calculate the remainder when 118850388 is divided by 29712595.
8
What is the remainder when 50004375 is divided by 139677?
9
Calculate the remainder when 41766 is divided by 450.
366
Calculate the remainder when 90502 is divided by 45200.
102
What is the remainder when 174509 is divided by 24895?
244
Calculate the remainder when 13195640 is divided by 154.
150
Calculate the remainder when 228250592 is divided by 4388.
4384
What is the remainder when 310561 is divided by 155192?
177
Calculate the remainder when 553723118 is divided by 47.
44
What is the remainder when 15642544 is divided by 167?
155
Calculate the remainder when 64711 is divided by 1324.
1159
Calculate the remainder when 20773 is divided by 12.
1
What is the remainder when 7565 is divided by 439?
